{"id":128,"date":"2016-01-13T12:32:15","date_gmt":"2016-01-13T12:32:15","guid":{"rendered":"http:\/\/image-in-ntic.com\/site-wp\/?page_id=128"},"modified":"2016-05-24T17:27:38","modified_gmt":"2016-05-24T17:27:38","slug":"conseil-multimedia","status":"publish","type":"page","link":"https:\/\/www.image-in-ntic.com\/site-wp\/conseil-multimedia\/","title":{"rendered":"LE CONSEIL"},"content":{"rendered":"<p><!-- [ms_slider id=\"129\" class=\"slideBovinOvin\"] --><br \/>\n<div class=\" col-md-8\" id=\"\" style=\"text-align:;\">\n<h2>Etude, conseil et ing\u00e9nierie Web et applicative.<\/h2>\n<p>Vous avez un projet de d\u00e9veloppement de site internet ou intranet ou d&rsquo;application mobile ? Vous voulez comprendre les implications et le partager avec vos \u00e9quipes ? Vous souhaitez faire \u00e9voluer votre strat\u00e9gie et conqu\u00e9rir de nouveaux march\u00e9s\/clients ?<\/p>\n<ul>\n<li>\u00e9tude et analyse<\/li>\n<li>expression et mod\u00e9lisation des besoins<\/li>\n<li>cahier des charges fonctionnel<\/li>\n<li>conseil et strat\u00e9gie multim\u00e9dia<\/li>\n<\/ul>\n<\/div>\n<div class=\" col-md-4\" id=\"\" style=\"text-align:;\">\n<div id=\"attachment_image-page\" style=\"width: 310px\" class=\"wp-caption alignright\"><img loading=\"lazy\" decoding=\"async\" aria-describedby=\"caption-attachment-image-page\" class=\"alignnone size-medium wp-image-242\" src=\"http:\/\/image-in-ntic.com\/site-wp\/wp-content\/uploads\/2016\/05\/image-in-consulting-300x300.jpg\" alt=\"image-in-consulting\" width=\"300\" height=\"300\" \/><p id=\"caption-attachment-image-page\" class=\"wp-caption-text\">Consulting &amp; d\u00e9veloppement web et multim\u00e9dia,<\/p><\/div>\n<\/div>\n","protected":false},"excerpt":{"rendered":"","protected":false},"author":2,"featured_media":0,"parent":0,"menu_order":1,"comment_status":"closed","ping_status":"closed","template":"","meta":{"footnotes":""},"class_list":["post-128","page","type-page","status-publish","hentry"],"_links":{"self":[{"href":"https:\/\/www.image-in-ntic.com\/site-wp\/wp-json\/wp\/v2\/pages\/128","targetHints":{"allow":["GET"]}}],"collection":[{"href":"https:\/\/www.image-in-ntic.com\/site-wp\/wp-json\/wp\/v2\/pages"}],"about":[{"href":"https:\/\/www.image-in-ntic.com\/site-wp\/wp-json\/wp\/v2\/types\/page"}],"author":[{"embeddable":true,"href":"https:\/\/www.image-in-ntic.com\/site-wp\/wp-json\/wp\/v2\/users\/2"}],"replies":[{"embeddable":true,"href":"https:\/\/www.image-in-ntic.com\/site-wp\/wp-json\/wp\/v2\/comments?post=128"}],"version-history":[{"count":11,"href":"https:\/\/www.image-in-ntic.com\/site-wp\/wp-json\/wp\/v2\/pages\/128\/revisions"}],"predecessor-version":[{"id":258,"href":"https:\/\/www.image-in-ntic.com\/site-wp\/wp-json\/wp\/v2\/pages\/128\/revisions\/258"}],"wp:attachment":[{"href":"https:\/\/www.image-in-ntic.com\/site-wp\/wp-json\/wp\/v2\/media?parent=128"}],"curies":[{"name":"wp","href":"https:\/\/api.w.org\/{rel}","templated":true}]}}